. What is the remainder when 19 is divided by q?
5
Suppose 0 = -2*l - 3*l + 20. Let m(s) = -4*s - 21. Let f(i) = -6*i + 21. Let y be f(5). Calculate the remainder when m(y) is divided by l.
3
Let i(a) = a**2 - 13*a + 34. Let k be i(11). Let v = 61 - k. Suppose -4*l + 5*z + 89 = 0, -3*l - 4*z = -29 - 61. Calculate the remainder when v is divided by l.
23
Let h(r) = r**3 + 10*r**2 + 7*r + 7. Calculate the remainder when 399 is divided by h(-9).
24
Let k(w) = 31*w + 13. Let n be k(7). Suppose -230 = -2*p + o - 5*o, 2*p + 5*o - n = 0. What is the remainder when p is divided by 29?
28
Let t(d) = 7*d - 2. Let h(w) = 1 + 0 - w**2 + 0 - 2*w - 2 - w**3. What is the remainder when h(-2) is divided by t(1)?
2
Let r(h) = 2*h + 2. Let l be r(2). Suppose 10 = l*s + 34. Calculate the remainder when 46 is divided by (36/15)/(s/(-20)).
10
Let f be (3 - 15)*(-4)/6. Suppose 0 = 3*o + f - 95. Suppose -8*z + 24 = -5*z. Calculate the remainder when o is divided by z.
5
Let t = 26 + -22. Let z(y) = y**2 + y - 12. Calculate the remainder when 30 is divided by z(t).
6
What is the remainder when 37 is divided by (45/(-10))/(6/(-16)*2)?
1
Suppose -403 = -3*h + 5*r, 20*r = -h + 18*r + 149. Calculate the remainder when h is divided by 46.
3
Suppose -7*c = -27*c + 3360. Calculate the remainder when c is divided by 26.
12
Let k = -747 + 753. Calculate the remainder when 35 is divided by k.
5
Let x(b) be the first derivative of 44*b**3/3 + b**2 - b + 7. Let r = -8 - -24. What is the remainder when x(1) is divided by r?
13
Let f(t) = 110*t - 46. What is the remainder when f(1) is divided by 33?
31
Let u = -3 - -23. Let y be (20/8)/(3/(-90)). Let m = 153 + y. Calculate the remainder when m is divided by u.
18
Let i = -12 - -18. Let r(d) = 1 + 6*d - 4*d + d**2 + 0 - d. What is the remainder when r(i) is divided by 15?
13
Suppose 1 + 14 = 3*y. Suppose 5*n = t - 9, 4*n + t + y = 2*n. Let r = 3 - n. What is the remainder when 19 is divided by r?
4
Let l = 22 - 70. Let d = l + 144. What is the remainder when d is divided by 20?
16
Suppose 9*q = 22*q - 52. Let r = 54 - -40. Calculate the remainder when r/5 + q/20 is divided by 10.
9
Let s = 943 - 888. Suppose -p - 3*k = -22, k + 26 = p - 0*k. Suppose -32 = -3*i + p. What is the remainder when s is divided by i?
17
Let u = 50 - -16. Suppose 3*h = -3*q + 26 + 34, 2*q = -5*h + 28. Calculate the remainder when u is divided by q.
18
Let n(g) = -2*g**2 - 2*g - 4. Let p be n(-3). Let u(c) = -4*c - 8. Let d(k) = 19*k**3 + 1. What is the remainder when u(p) is divided by d(1)?
16
Let s be (2 - (-9)/(-6))*0. Suppose s = 4*t - t - 111. Suppose 0 = -2*h + 15 + 11. What is the remainder when t is divided by h?
11
Let u be (-2)/9 - (-241)/(-9). Let i = u - -32. Suppose 5*w - 1 + 64 = 4*s, 2*s + i*w = 9. Calculate the remainder when 33 is divided by s.
9
Suppose 3*q = -8*q + 1870. Suppose 9*v = -v + q. Suppose 4*k - 2*k - 19 = -3*t, -40 = -5*k - 5*t. Calculate the remainder when v is divided by k.
2
Suppose 5*g - 15 = 0, -5*b + 1 = 3*g - 18. Calculate the remainder when 88 is divided by 8/b + (-348)/(-12).
22
Let q = -2049 - -2205. Calculate the remainder when 623 is divided by q.
155
What is the remainder when (-2)/(-6)*-1*18 + 40 is divided by 16?
2
Let n = 30 - 111. Let c = n + 126. Calculate the remainder when c is divided by 24.
21
Let b = -26 + 3. Let d = b - -27. What is the remainder when 13 is divided by d?
1
Let g = -5 - -8. Suppose 0*k - g*q = -2*k - 90, 0 = 4*k - 5*q + 178. Let a = -4 - k. What is the remainder when 113 is divided by a?
37
Let a = -104 + -22. Calculate the remainder when (0 - a/2) + (-4 - -5) is divided by 33.
31
Let h(c) = c**3 - 4*c**2 + 4*c - 4. Let k be h(2). Calculate the remainder when 216/k*3/(-6) is divided by 14.
13
Suppose 3*q - j = -2*q + 85, q + j = 17. Calculate the remainder when 73 is divided by q.
5
Let f(r) = r**3 + 9*r**2 + 8*r + 2. Let c(y) = -7*y - 1. Let u be c(1). Let t be f(u). Suppose 19 = -t*i + 3*i. Calculate the remainder when i is divided by 11.
8
Calculate the remainder when 184 is divided by 4/(-24)*-93*2.
29
Suppose 0 = -23*f + 19*f - 2*l + 1528, -2*l = -f + 382. What is the remainder when f is divided by 64?
62
Let c be 2/(-2*(-3)/6). Suppose 3*b + c = 29. What is the remainder when (-22)/3*b/(-6) is divided by 8?
3
Let u(c) = 3*c - 7. Let b be u(4). Suppose -3*m - 2 + b = 0. Let i(v) = 15*v**3 - v**2 + 1. What is the remainder when 27 is divided by i(m)?
12
Let i = 44 + -41. Suppose -9*b + 222 = -i*b. Calculate the remainder when b is divided by 7.
2
Suppose 5*o + 66 = 4*a, -3*a + 16 = -2*a - o. Let d = 601 + -550. Calculate the remainder when d is divided by a.
9
Suppose 2*r = 5*t - 2*t + 6, 3 = r. Suppose -4*i - 8 = t, m - 3*i = -0 + 5. What is the remainder when m + (3 - 4 - -71) is divided by 18?
15
Suppose -23 = -o + 3*f, -o - 9 = 4*f - 25. What is the remainder when 129 is divided by o?
9
Suppose 6*h + 3 = 9*h - 3*v, -2*h - 3*v - 23 = 0. Let w(k) = -2*k + 6. Calculate the remainder when 25 is divided by w(h).
11
Calculate the remainder when 66 is divided by (-14)/(-4 + -1 + 3).
3
Let z = -1484 + 1542. Calculate the remainder when 346 is divided by z.
56
What is the remainder when 596 is divided by 330/(-132)*(-52)/10?
11
Let w(q) = -q**3 - 16 + 21 + 5 - 7*q + 8*q**2. Calculate the remainder when w(6) is divided by 11.
7
Let v = -258 - -312. What is the remainder when v is divided by 20?
14
Let o = -31 - -31. Suppose o = -3*n - 20 + 107. What is the remainder when n is divided by 17?
12
Let f(w) = 4*w - 4 + 2*w**2 - 3*w**2 + 2*w**2 - 2*w. Calculate the remainder when f(4) is divided by 12.
8
Let y = 22 - -29. What is the remainder when 95 is divided by y?
44
Let g = -76 + 127. Let t = -27 + g. What is the remainder when 45 is divided by t?
21
Let m(u) = 8*u**2 - 2*u - 9. Let c(h) = h**2 + 3*h + 1. Let r be c(-3). Suppose f - a - r = -4*a, 2*a + 2 = 0. What is the remainder when m(f) is divided by 28?
27
Suppose 0 = 10*v - 93 + 3. Calculate the remainder when 123 is divided by v.
6
Suppose 0 = 31*j - 390 - 540. Calculate the remainder when j is divided by 20.
10
Let s(r) = -3*r - 5. Let k(v) = 6*v**2 + 16*v - 3. What is the remainder when s(-4) is divided by k(-3)?
1
Let w(x) = x**3 + 36*x**2 + 33*x - 47. Suppose 7*c = 2*c + 40. What is the remainder when w(-35) is divided by c?
7
Suppose -1105*f = -1103*f - 156. What is the remainder when f is divided by 21?
15
Suppose -3*q - 4*y + 91 = 0, -3*q + 17*y = 14*y - 84. What is the remainder when 256 is divided by q?
24
Suppose 0 = -4*z + 2*z + 28. Let c = 14 + -9. Suppose -299 = -c*x - 34. Calculate the remainder when x is divided by z.
11
Calculate the remainder when 1/(1312/(-438) - (-14 - -11)) is divided by 28.
23
Suppose 3*y + 0 + 3 = 0, g - 52 = -2*y. What is the remainder when 392 is divided by g?
14
Let q(j) = j**3 - j**2 - 2*j + 11. Let f = 4 + -15. Let a = 11 + f. Calculate the remainder when 42 is divided by q(a).
9
Suppose 19*m = 30*m - 5775. What is the remainder when m is divided by 66?
63
Suppose -2*a + 98 = -5*y + 793, 556 = 4*y + 5*a. Suppose 0 = -s + w + 30 + 15, 0 = -3*s + w + y. Calculate the remainder when s is divided by 24.
23
Suppose -27*d = -44*d + 2091. Calculate the remainder when d is divided by 45.
33
Suppose 20 = 2*h + 2*h, 130 = 5*u + 5*h. Let m(y) = y**3 + 3*y**2 - y - 2. Let d be m(-3). Calculate the remainder when d/3 + (-245)/(-3) is divided by u.
19
Suppose -3*d + 12*q = 13*q - 23, 2*d - 3*q = 8. What is the remainder when 251 is divided by d?
6
Let p(t) be the third derivative of t**6/120 - t**5/6 + t**3/6 + 9*t**2. Calculate the remainder when p(11) is divided by 31.
29
Suppose 4 = -o, 59*f - 3*o = 57*f + 32. Suppose -5*g = -5 - 10. Calculate the remainder when f is divided by g.
1
Let f = 12 - 16. Let b(v) = -4*v + 8. Calculate the remainder when b(f) is divided by 7.
3
Let a(t) = -2*t**3 - 4*t**2 - 14*t - 93. What is the remainder when 499 is divided by a(-5)?
118
Let p = 276 + -273. What is the remainder when 2/4 + (-42)/(-4) is divided by p?
2
What is the remainder when 9/18*(-1)/1*-96 is divided by 7?
6
Calculate the remainder when 215 is divided by (20 - -4) + 30/(-15).
17
Suppose 405 = q - 87. What is the remainder when q is divided by 17?
16
What is the remainder when 118 is divided by 